
Is 152976024199 prime?
False
Is 40767946073 a prime number?
True
Is 74050751 prime?
True
Is 971384311 a composite number?
False
Is 26385660529 a composite number?
False
Is 1152640429 prime?
True
Is 338386396681 a prime number?
True
Is 36579797729 composite?
False
Is 5776269673 a prime number?
False
Is 11256725749 composite?
False
Is 1342323673 a composite number?
False
Is 92125279 a prime number?
True
Is 1217162242 composite?
True
Is 26535710407 prime?
False
Is 362912091149 a composite number?
False
Is 55447186153 a prime number?
False
Is 32517329855 a prime number?
False
Is 13489753465 prime?
False
Is 150490559 a prime number?
True
Is 128676367 prime?
True
Is 12904996319 a prime number?
True
Is 595369757 composite?
False
Is 16910437337 composite?
True
Is 81827077 a prime number?
False
Is 3047397209 a prime number?
True
Is 6100648377 a prime number?
False
Is 133181529821 composite?
False
Is 3297196823 composite?
False
Is 7336170593 composite?
True
Is 13301467963 prime?
False
Is 491824373 a composite number?
False
Is 556813351 a prime number?
False
Is 79332157843 a composite number?
False
Is 62779216607 a prime number?
True
Is 92325506783 a composite number?
False
Is 4000392521 a composite number?
False
Is 1618106999 a composite number?
False
Is 627284281 composite?
True
Is 12287280701 a prime number?
True
Is 19345307749 prime?
True
Is 579108499 a composite number?
True
Is 395080908317 a composite number?
False
Is 52990495801 composite?
False
Is 9606003593 composite?
False
Is 1910370829 composite?
True
Is 355611271 a composite number?
False
Is 816657529 a prime number?
True
Is 964073255 a composite number?
True
Is 7348248811 prime?
True
Is 8958245473 a prime number?
True
Is 115398575333 composite?
False
Is 57644039 composite?
True
Is 131101931131 prime?
True
Is 5104111193 a composite number?
True
Is 23535741763 a prime number?
True
Is 46251033151 prime?
False
Is 51150788473 prime?
False
Is 13698603518 a prime number?
False
Is 1085347793 a prime number?
True
Is 192420131 prime?
False
Is 33345694441 prime?
True
Is 6713753143 a prime number?
False
Is 626115119 prime?
False
Is 93325841191 composite?
True
Is 625120061 prime?
False
Is 34192693433 prime?
False
Is 9749456119 a composite number?
True
Is 30027280573 a prime number?
True
Is 24358488283 a composite number?
False
Is 85000793 a prime number?
True
Is 935386337 a composite number?
True
Is 475582619 a prime number?
True
Is 31503010051 composite?
False
Is 725220689 composite?
True
Is 361658333 composite?
True
Is 12775906313 a prime number?
True
Is 150038014739 a composite number?
True
Is 38044899077 a composite number?
False
Is 9864962303 composite?
True
Is 35857283719 a composite number?
True
Is 634852201 a composite number?
False
Is 7388634133 a prime number?
False
Is 254292179 a prime number?
True
Is 89227301 a prime number?
True
Is 640607993 composite?
False
Is 8554855919 prime?
False
Is 2228449537 composite?
False
Is 5926960001 a composite number?
False
Is 63044893 a prime number?
True
Is 8376719683 a composite number?
False
Is 1048938071 prime?
True
Is 1207385807 a composite number?
False
Is 37960393267 composite?
True
Is 140948597 a prime number?
True
Is 9043607 a prime number?
True
Is 1132642639 prime?
False
Is 11396366903 a composite number?
False
Is 37001747 a composite number?
False
Is 34121356877 a composite number?
True
Is 95000016079 prime?
False
Is 501669761 a prime number?
True
Is 65429321999 a prime number?
False
Is 33528269 prime?
True
Is 528053503 composite?
False
Is 96993781639 prime?
False
Is 5231183029 prime?
True
Is 91980429193 a prime number?
False
Is 14177828999 a composite number?
False
Is 475156453 a prime number?
True
Is 1721189557 a composite number?
False
Is 1336507589 a prime number?
False
Is 4853196751 a composite number?
True
Is 33762741443 a composite number?
False
Is 3702904867 a prime number?
True
Is 338589959 prime?
True
Is 9298314331 prime?
True
Is 5730112519 composite?
True
Is 1072731217 prime?
False
Is 1846686187 a prime number?
False
Is 651036019 a prime number?
False
Is 49870566311 composite?
True
Is 90425941211 a prime number?
True
Is 1526570119 a prime number?
False
Is 189598833799 prime?
True
Is 231414577 prime?
False
Is 3593306501 prime?
False
Is 12936765109 prime?
True
Is 5106137093 a prime number?
True
Is 245549867 composite?
True
Is 5722740119 a prime number?
True
Is 250096903411 prime?
True
Is 544661849 prime?
True
Is 24495756491 composite?
True
Is 18511646227 prime?
False
Is 107230933931 a composite number?
True
Is 1555673498 composite?
True
Is 70787376347 a prime number?
True
Is 8975074447 a composite number?
False
Is 58681138517 prime?
True
Is 134691655819 composite?
True
Is 687468541 a prime number?
True
Is 22522873297 a composite number?
True
Is 14082729109 prime?
True
Is 25927987927 composite?
True
Is 335480491 prime?
False
Is 89742913 a composite number?
True
Is 110579986439 composite?
True
Is 12011382601 a composite number?
True
Is 325780339 prime?
True
Is 1089991871 prime?
True
Is 568938217 a prime number?
True
Is 1979859263 a composite number?
False
Is 2126646122 a composite number?
True
Is 16405094257 composite?
False
Is 299060149 a composite number?
True
Is 67775903971 a composite number?
False
Is 10079656109 prime?
True
Is 4265314903 prime?
True
Is 18880180751 prime?
False
Is 6408731741 a prime number?
False
Is 8633681621 a prime number?
True
Is 8262894529 a composite number?
False
Is 1113862385 a composite number?
True
Is 37002201679 prime?
False
Is 1738940459 a prime number?
False
Is 31184842153 prime?
True
Is 19352769391 composite?
False
Is 48096562889 prime?
True
Is 711695833 a composite number?
False
Is 121296697 prime?
False
Is 895656739 a prime number?
False
Is 753969407 a composite number?
False
Is 5147353 a composite number?
False
Is 23316024923 prime?
True
Is 461922367 prime?
True
Is 279751318642 composite?
True
Is 4151344861 composite?
True
Is 141905006 a composite number?
True
Is 6783661177 composite?
False
Is 971729017 prime?
False
Is 8220623399 a composite number?
False
Is 1298793401 a prime number?
True
Is 569801845 prime?
False
Is 751732139 a composite number?
True
Is 2138531887 composite?
True
Is 576012451 prime?
False
Is 344508897531 composite?
True
Is 22385446561 prime?
False
Is 25770299 a composite number?
True
Is 170186818577 composite?
False
Is 15840980951 a composite number?
False
Is 107988646399 prime?
True
Is 1648611253 prime?
False
Is 911660443 a composite number?
True
Is 145668833 a prime number?
True
Is 3699630457 composite?
True
Is 119975131 composite?
False
Is 3858422441 a composite number?
False
Is 83124677917 a composite number?
True
Is 9461846887 a composite number?
False
Is 1134844583 a prime number?
True
Is 23408241369 composite?
True
Is 50026258907 a composite number?
True
Is 2392266277 composite?
False
Is 469540427 prime?
True
Is 28253291041 prime?
True
Is 6890829931 a composite number?
True
Is 909240653 prime?
False
Is 9244317821 prime?
False
Is 764520767 prime?
True
Is 6384346961 composite?
True
Is 864551381 composite?
False
Is 44686068611 a prime number?
False
Is 2175522269 prime?
False
Is 947880431 a composite number?
False
Is 1878647417 composite?
False
Is 17575449061 composite?
False
Is 3263752787 prime?
False
Is 64147901059 a prime number?
False
Is 5130082229 a composite number?
False
Is 78957859831 prime?
True
Is 6900670579 a prime number?
False
Is 108857374151 composite?
False
Is 2157524471 prime?
True
Is 959519737 a composite number?
True
Is 1126835687 a composite number?
True
Is 22890436097 a composite number?
True
Is 13449670043 prime?
True
Is 115523607439 a composite number?
False
Is 4274027179 composite?
False
Is 760333327 composite?
True
Is 17437003277 a prime number?
True
Is 167239249423 a prime number?
True
Is 2041259381 a prime number?
False
Is 8851996691 a composite number?
True
Is 115779742093 composite?
False
Is 9504120161 prime?
True
Is 23952150245 a prime number?
False
Is 59751007 prime?
False
Is 5989760963 composite?
True
Is 508375346569 composite?
False
Is 1555701419 a composite number?
True
Is 379698023 a composite number?
False
Is 43708943777 a prime number?
True
Is 1793472803 a prime number?
True
Is 34691743639 composite?
True
Is 20975977043 a composite number?
Tr